 + -2)*(7 + -6)?
2, 167
Suppose j - 5*j = w - 13, -3*j - 4 = -2*w. Suppose -j = -h, 3*o - 524 = -h - 0*h. List the prime factors of o.
2, 3, 29
Let r = -4 + 4. Suppose -15*y = -14*y - 38. Suppose r*j = -j + y. List the prime factors of j.
2, 19
Let w(r) = -12*r + 4. Let d be w(1). Let b = -6 - d. List the prime factors of b/15 - (-3584)/120.
2, 3, 5
Suppose -5*k - 32 = 28. Let a = 31 + k. Let z = 44 - a. List the prime factors of z.
5
Suppose -u + 3*z = -299, -u + 2*z - 6*z = -327. List the prime factors of u.
311
Let d(p) = p + 1. Let c(f) = 9*f**2 + 4*f + 3. Let n(i) = c(i) - 3*d(i). Suppose -3*s = 2*s + 5. List the prime factors of n(s).
2
Let c be (-9)/(-2) + (-6)/12. Suppose -3*s = -c*y + 114 - 25, -4*s - 84 = -4*y. Suppose 118 - y = 4*w. What are the prime factors of w?
23
What are the prime factors of ((-1512)/(-35))/((-22)/(-1760))?
2, 3
Let z(s) = s**3 + 4*s**2 - 3*s + 14. What are the prime factors of z(7)?
2, 7, 19
Let u = -3040 - -4323. What are the prime factors of u?
1283
Let m(y) be the first derivative of y**3/3 - 5*y**2/2 + 4*y - 3. Let n be m(5). Suppose -23 = -j + n. List the prime factors of j.
3
Let p be (-2)/5 - (-12)/(-20). Suppose -3 + 3 = 7*m. List the prime factors of -1 - -4 - m - p.
2
Let q(p) = p**2 + 7*p - 6. Let j be q(-8). Suppose 4*f + 388 = 2*z, j*z - f = -z + 602. List the prime factors of 5/(-20) - z/(-8).
5
Let l(n) = n**3 - 7*n**2 - 8*n + 5. Let c be l(8). Suppose c*f = 238 - 28. What are the prime factors of f?
2, 3, 7
Let w be 6 + 2/(-2)*1. Suppose -k + 53 = -2*h, h + h - 277 = -w*k. What are the prime factors of k?
5, 11
Let a(b) = 2*b**3 - 40*b**2 - 43*b + 20. What are the prime factors of a(23)?
3, 5, 7
Suppose -4*l - 23382 = -5*x, -l = -117*x + 115*x + 9351. What are the prime factors of x?
2, 3, 19, 41
Let j be 3/(-1) - 342/3. Let a = -52 - j. What are the prime factors of a?
5, 13
Let d = 50 + -29. Let h = -11 + d. Let m = h - 7. List the prime factors of m.
3
Let n(d) = 11*d**2 - 7*d - 67. What are the prime factors of n(-7)?
521
Let a be (4 - 4)/1 + 273. Suppose 3*d - 27 = a. What are the prime factors of d?
2, 5
Let r = -40 - -66. What are the prime factors of r?
2, 13
Let p = -885 - -1539. List the prime factors of p.
2, 3, 109
Let u(s) = -s**2 + 9*s + 8. Suppose 5*p - m = -4*m + 48, -2*p + 3*m = -36. Let h be u(p). Let q = h + 56. List the prime factors of q.
2, 7
Let z = 1457 + -994. What are the prime factors of z?
463
Let a(l) = 5*l**2 - 12*l + 19. Let y(i) = 4*i**2 - 11*i + 18. Let s(x) = -3*a(x) + 4*y(x). What are the prime factors of s(12)?
3, 7
Suppose -5*h + 26 - 6 = 0. Suppose 0*d + 118 = h*x - 5*d, 4*d = -3*x + 73. Suppose 2*r - 4*r + x = -p, r - 41 = -5*p. What are the prime factors of r?
2
Suppose 41 - 685 = -7*a. What are the prime factors of a?
2, 23
Let a be 18/5*(-40)/(-6). Let s be 26/10 - a/40. Suppose -z - j = -22, -3*z = -8*z + s*j + 96. What are the prime factors of z?
2, 5
List the prime factors of 990 + (-11)/(-11) + 4.
5, 199
Suppose 0 = -2*g - 4, -3*m + 3*g + 6 = -0*g. Suppose m = -7*u + 161 + 203. What are the prime factors of u?
2, 13
Suppose g + 12 = 4*g. Let d(r) = -3*r + 2. Let s be d(g). List the prime factors of (-4)/s - 352/(-20).
2, 3
Suppose -88 = -4*g - 0*g. Let q = -18 + g. Suppose -r - 89 = -3*w + 42, q*w = 4*r + 180. List the prime factors of w.
43
Let j(d) = -d**2. Let r(g) = -18*g**2 - 5*g + 5. Let o(z) = 2*j(z) - r(z). List the prime factors of o(3).
2, 7, 11
Let v(a) = -19*a + 1. What are the prime factors of v(-6)?
5, 23
Let k(u) = -1. Let t(f) = -3*f**2 + 3*f - 2. Let b(a) = 3*k(a) - t(a). Let r(d) be the first derivative of b(d). What are the prime factors of r(7)?
3, 13
Suppose 2*j + 3*f = -12230 - 1567, 3*j - 3*f = -20718. List the prime factors of ((-1)/3)/(13/j).
3, 59
Let v(o) = -108*o + 170. List the prime factors of v(-18).
2, 7, 151
Let v(y) = y**2 + y + 2. Suppose 2*o + 2*o = 4, -3*d + 2*o = 8. List the prime factors of v(d).
2
Suppose -4*g - 134 = -2*s, 2*s - 26 = g + 105. Suppose -2*p = -275 + s. Suppose 3*u - 8*u + p = 0. List the prime factors of u.
3, 7
Let r = 14 + -18. List the prime factors of r/(-32) + (1886/16 - 2).
2, 29
Let w(u) = 2*u**2 + 2*u - 4. Let g = -48 - -51. What are the prime factors of w(g)?
2, 5
Let k be ((-48)/84)/((-16)/7 - -2). Suppose -k*d - 132 = -422. What are the prime factors of d?
5, 29
Suppose -3*v - 4*j = -3094 - 630, 3*j + 6226 = 5*v. List the prime factors of 3/24*v + 1/(-2).
5, 31
Let j = 1124 + 329. What are the prime factors of j?
1453
Suppose 5*d - 2*z - 5530 = 0, -5*z = -4*d - 9*z + 4452. List the prime factors of d.
2, 277
Suppose 2*x = -b + 5927, -5*x = -2*b - 5284 - 9511. List the prime factors of x.
3, 7, 47
Suppose 0*o - 695 = 5*o. Let t = -16 - o. List the prime factors of t.
3, 41
Suppose 16*v - 9034 = -522. List the prime factors of v.
2, 7, 19
Let y(l) = 2*l - 10. Let x be y(8). Suppose i = -2*i - x. Let a = 7 + i. What are the prime factors of a?
5
Suppose 5*k + 856 = 6086. What are the prime factors of k?
2, 523
Let y(l) = 18*l**2 + l - 1. Let t be y(1). Suppose -t = -d + 109. What are the prime factors of d?
127
Let k = 1189 - -585. What are the prime factors of k?
2, 887
Let h(n) = 9*n. Let a be h(9). Suppose -b = 2*b - a. Suppose -b = -2*k + 43. List the prime factors of k.
5, 7
Suppose 53*i = 58*i - 1370. List the prime factors of i.
2, 137
Let j be 4*40/6*3. Suppose 11*v - 6*v = j. Suppose 3*b - 35 - v = 0. What are the prime factors of b?
17
Let g(n) = -n**3 + 28*n**2 - 74*n + 50. What are the prime factors of g(25)?
3, 5
Let q(d) = -606*d + 36. Let o be q(-3). Suppose 14*i - 5*i - o = 0. List the prime factors of i.
2, 103
Suppose 5*z - 13*z = -2960. List the prime factors of z.
2, 5, 37
Let n = -9 + -4. Let l = 21 + n. Suppose -11*h = -l*h - 48. What are the prime factors of h?
2
Suppose 17*y = 2027 + 6201. List the prime factors of y.
2, 11
Let g = -407 - -498. List the prime factors of g.
7, 13
Suppose -1723 + 4927 = 12*x. Let s = x + -160. List the prime factors of s.
107
Suppose 121 = 5*c - 59. List the prime factors of (c/20)/(9/60).
2, 3
Suppose -4*o = 3*u + u, o - u = -2. What are the prime factors of 0 - o - (-124 - -10)?
5, 23
Suppose -4*v - 45 = v. Let f(n) = 0*n - 2*n - n - 2. List the prime factors of f(v).
5
Suppose 641 = 4*h + 57. Suppose 6*u - 100 = h. What are the prime factors of u?
41
Let o(s) = -466*s + 135. What are the prime factors of o(-6)?
3, 977
Let v(w) be the second derivative of -25*w**3/6 - 3*w**2 + 12*w. List the prime factors of v(-3).
3, 23
Suppose -2*q + 248 = -564. What are the prime factors of q?
2, 7, 29
Let v(a) = 3*a + 29. Let l(m) = -7*m - 57. Let n = 26 + -24. Let d(u) = n*l(u) + 5*v(u). List the prime factors of d(13).
2, 11
Suppose 1790 + 2098 = 16*g. List the prime factors of g.
3
Suppose -4*n - 4*h = -4600, -n + 9*h = 5*h - 1165. What are the prime factors of n?
1153
Suppose -3*c = -545 - 448. Let n = c + -227. Let q = n + -59. List the prime factors of q.
3, 5
Let a(b) = 29*b - 39. List the prime factors of a(8).
193
Let c be ((-36)/(-14))/((-12)/(-420)). Let l = 92 + c. List the prime factors of l.
2, 7, 13
Suppose -2*z = -2*j - 16, 16 = -2*j - 0*z + z. Let c be (4/(-2))/((-3)/78). Let u = j + c. What are the prime factors of u?
2, 11
Suppose 4 = -2*s, 0 = 11*q - 12*q - 3*s + 3982. List the prime factors of q.
2, 997
Let a(w) = w**3 + 7*w**2 - 11*w - 6. Let l be a(-8). Suppose 2*g = 2*z - l, 5*z - 5 = 3*g - 6*g. Let p = 8 - z. What are the prime factors of p?
2
Let a(d) = 14*d + 17. Suppose -11*t + 18 + 136 = 0. List the prime factors of a(t).
3, 71
Suppose -691 = 16*b - 17*b. What are the prime factors of b?
691
Suppose 5*h - 3680 = 5*i - 10*i, 0 = -i - 2. List the prime factors of h.
2, 3, 41
Let n = 20 - 18. Suppose n*c - 448 = -5*s, s + 4*c - 85 = -c. List the prime factors of s.
2, 3, 5
Let i(f) = -f**2 - 8*f + 19. Let s be i(-10). List the prime factors of s/(-3) + (-330)/(-9).
37
Suppose -5*k - 395 = a + 604, -4*k - 2*a - 804 = 0. Let r = k + 303. What are the prime factors of r?
2, 13
Suppose 2*q - 121 = 301. What are the prime factors of q?
211
List the prime factors of 2/6 + 119518/42 + 24.
2, 5, 7, 41
Let x = -11 - -18. Let w be (1/4)/(x/308). Let h = w - -6. List the prime factors of h.
17
Let m(o) = 13*o + 7. Let z =